{"id":4426,"date":"2020-12-11T17:21:28","date_gmt":"2020-12-11T15:21:28","guid":{"rendered":"http:\/\/mertensdewilmars.be\/chronique\/?page_id=4426"},"modified":"2025-12-12T15:56:36","modified_gmt":"2025-12-12T14:56:36","slug":"portraits","status":"publish","type":"page","link":"https:\/\/mertensdewilmars.be\/index.php\/portraits\/","title":{"rendered":"Portraits"},"content":{"rendered":"\n<p>Quelques portraits de <strong>membres <\/strong>de la famille<\/p>\n\n\n\n<h2 class=\"wp-block-heading\">Les Grands-Parents<\/h2>\n\n\n\n<figure class=\"wp-block-image size-large\"><img decoding=\"async\" src=\"http:\/\/mertensdewilmars.be\/wp-content\/uploads\/2020\/12\/Fran\u00e7oisCharlesMertens.jpg\" alt=\"\" class=\"wp-image-4437\"\/><figcaption class=\"wp-element-caption\">Fran\u00e7ois-Charles Mertens<\/figcaption><\/figure>\n\n\n\n<figure class=\"wp-block-image size-large\"><img decoding=\"async\" src=\"http:\/\/mertensdewilmars.be\/wp-content\/uploads\/2020\/12\/IdaVanGoethem.jpg\" alt=\"\" class=\"wp-image-4441\"\/><figcaption class=\"wp-element-caption\">Ida van Goethem<\/figcaption><\/figure>\n\n\n\n<h2 class=\"wp-block-heading\">Les Parents<\/h2>\n\n\n\n<figure class=\"wp-block-image size-large\"><img decoding=\"async\" src=\"http:\/\/mertensdewilmars.be\/wp-content\/uploads\/2019\/02\/img033-691x1024.jpg\" alt=\"\" class=\"wp-image-4218\"\/><figcaption class=\"wp-element-caption\">Une photographie du s\u00e9nateur Henri Mertens aquarellis\u00e9e \u00e0 la main<br><\/figcaption><\/figure>\n\n\n\n<figure class=\"wp-block-image size-large\"><img decoding=\"async\" src=\"http:\/\/mertensdewilmars.be\/wp-content\/uploads\/2020\/12\/20141011145401_9738_17673635_17674381_1f32f928-76e4-4ae3-b693-67a3dc9767a9__3.jpg\" alt=\"\" class=\"wp-image-4438\"\/><figcaption class=\"wp-element-caption\">Maria Erix<\/figcaption><\/figure>\n\n\n\n<h2 class=\"wp-block-heading\">Les enfants<\/h2>\n\n\n\n<figure class=\"wp-block-image size-large\"><img decoding=\"async\" src=\"http:\/\/mertensdewilmars.be\/wp-content\/uploads\/2020\/12\/MariaJosefMertens.jpg\" alt=\"\" class=\"wp-image-4440\"\/><figcaption class=\"wp-element-caption\">Florentine Mertens<\/figcaption><\/figure>\n\n\n\n<figure class=\"wp-block-image size-large\"><img decoding=\"async\" src=\"http:\/\/mertensdewilmars.be\/wp-content\/uploads\/2020\/12\/AlbertMarie-Mdw.jpg\" alt=\"Albert Mertens de Wilmars\" class=\"wp-image-4439\"\/><figcaption class=\"wp-element-caption\">Albert Mertens de Wilmars &#8211; Peinture avec des armoiries fantaisistes.<\/figcaption><\/figure>\n\n\n\n<figure class=\"wp-block-image size-large\"><img decoding=\"async\" src=\"http:\/\/mertensdewilmars.be\/wp-content\/uploads\/2020\/12\/Mertens-Alice.jpg\" alt=\"\" class=\"wp-image-4442\"\/><figcaption class=\"wp-element-caption\">Alice Mertens (\u00e9pouse Hector Dubois)<\/figcaption><\/figure>\n\n\n\n<figure class=\"wp-block-image size-full\"><img decoding=\"async\" src=\"http:\/\/mertensdewilmars.be\/wp-content\/uploads\/2020\/12\/CharlesMarieMdw.jpg\" alt=\"\" class=\"wp-image-4443\"\/><figcaption class=\"wp-element-caption\">Charles-Marie Mertens mort au champ d&rsquo;honneur le 8 octobre 1918 soit un peu plus d&rsquo;un mois avant la fin des hostilit\u00e9s.<\/figcaption><\/figure>\n\n\n\n<figure class=\"wp-block-image size-full\"><img decoding=\"async\" src=\"http:\/\/mertensdewilmars.be\/wp-content\/uploads\/2020\/12\/Mertens-Helene.jpg\" alt=\"\" class=\"wp-image-4444\"\/><figcaption class=\"wp-element-caption\">H\u00e9l\u00e8ne Mertens (\u00e9pouse Charles De Visscher)<\/figcaption><\/figure>\n\n\n\n<figure class=\"wp-block-image size-large\"><img decoding=\"async\" src=\"http:\/\/mertensdewilmars.be\/wp-content\/uploads\/2020\/12\/img031-733x1024.jpg\" alt=\"Victor Mertens de Wilmars\" class=\"wp-image-4429\"\/><figcaption class=\"wp-element-caption\">Photographie de Victor Mertens de Wilmars<\/figcaption><\/figure>\n\n\n\n<figure class=\"wp-block-image size-large\"><img decoding=\"async\" src=\"http:\/\/mertensdewilmars.be\/wp-content\/uploads\/2019\/02\/VictorMdw.jpg\" alt=\"\" class=\"wp-image-4205\"\/><figcaption class=\"wp-element-caption\">Concours de radiesth\u00e9sie \u00e0 Charleroi, 1961<br>Remise de la coupe par&nbsp;<strong>Mr Victor Mertens de Wilmars<\/strong>&nbsp;(\u00e0 gauche)<br>\u00e0 Mr Vandenhoff, pr\u00e9sident du CIER de Bruxelles pour ses contributions au d\u00e9veloppement de la radiesth\u00e9sie et ses recherches dans le domaine des ondes de forme et des sciences micro-vibratoires.<\/figcaption><\/figure>\n\n\n\n<figure class=\"wp-block-image size-large\"><img decoding=\"async\" src=\"http:\/\/mertensdewilmars.be\/wp-content\/uploads\/2020\/12\/Eugene-Mdw.jpg\" alt=\"\" class=\"wp-image-4445\"\/><figcaption class=\"wp-element-caption\">Eug\u00e8ne Mertens de Wilmars<\/figcaption><\/figure>\n\n\n\n<figure class=\"wp-block-image size-large\"><img decoding=\"async\" src=\"http:\/\/mertensdewilmars.be\/wp-content\/uploads\/2019\/02\/EugeneMdW.jpg\" alt=\"\" class=\"wp-image-4207\"\/><figcaption class=\"wp-element-caption\">Eug\u00e8ne Mertens de Wilmars (au centre de la photo avec le chapeau et les lunettes) lors d&rsquo;un congr\u00e8s de chimie \u00e0 Rome en 1938.<\/figcaption><\/figure>\n\n\n\n<figure class=\"wp-block-image size-large\"><img decoding=\"async\" src=\"http:\/\/mertensdewilmars.be\/wp-content\/uploads\/2020\/12\/Mertens-Antoine-I-02.jpg\" alt=\"\" class=\"wp-image-4446\"\/><figcaption class=\"wp-element-caption\">Antoine Mertens de Wilmars<\/figcaption><\/figure>\n\n\n\n<figure class=\"wp-block-image size-large\"><img decoding=\"async\" src=\"http:\/\/mertensdewilmars.be\/wp-content\/uploads\/2019\/02\/AntoineMDW1.jpg\" alt=\"\" class=\"wp-image-4206\"\/><figcaption class=\"wp-element-caption\">Antoine, le cadet de la famille Mertens-Erix dans le jardin de la maison familiale alors qu&rsquo;il avait 4-5 ans.<\/figcaption><\/figure>\n","protected":false},"excerpt":{"rendered":"<p>Quelques portraits de membres de la famille Les Grands-Parents Les Parents Les enfants<\/p>\n","protected":false},"author":2,"featured_media":0,"parent":0,"menu_order":0,"comment_status":"closed","ping_status":"closed","template":"","meta":{"footnotes":""},"class_list":["post-4426","page","type-page","status-publish"],"_links":{"self":[{"href":"https:\/\/mertensdewilmars.be\/index.php\/wp-json\/wp\/v2\/pages\/4426","targetHints":{"allow":["GET"]}}],"collection":[{"href":"https:\/\/mertensdewilmars.be\/index.php\/wp-json\/wp\/v2\/pages"}],"about":[{"href":"https:\/\/mertensdewilmars.be\/index.php\/wp-json\/wp\/v2\/types\/page"}],"author":[{"embeddable":true,"href":"https:\/\/mertensdewilmars.be\/index.php\/wp-json\/wp\/v2\/users\/2"}],"replies":[{"embeddable":true,"href":"https:\/\/mertensdewilmars.be\/index.php\/wp-json\/wp\/v2\/comments?post=4426"}],"version-history":[{"count":4,"href":"https:\/\/mertensdewilmars.be\/index.php\/wp-json\/wp\/v2\/pages\/4426\/revisions"}],"predecessor-version":[{"id":8445,"href":"https:\/\/mertensdewilmars.be\/index.php\/wp-json\/wp\/v2\/pages\/4426\/revisions\/8445"}],"wp:attachment":[{"href":"https:\/\/mertensdewilmars.be\/index.php\/wp-json\/wp\/v2\/media?parent=4426"}],"curies":[{"name":"wp","href":"https:\/\/api.w.org\/{rel}","templated":true}]}}