{"id":4186,"date":"2019-02-12T15:35:17","date_gmt":"2019-02-12T13:35:17","guid":{"rendered":"http:\/\/mertensdewilmars.be\/chronique\/?page_id=4186"},"modified":"2024-04-02T16:15:59","modified_gmt":"2024-04-02T14:15:59","slug":"armoiries-van-damme","status":"publish","type":"page","link":"https:\/\/mertensdewilmars.be\/index.php\/armoiries-van-damme\/","title":{"rendered":"Armoiries Van Damme"},"content":{"rendered":"\n<p> Au XVIII<sup>\u00e8me<\/sup> si\u00e8cle, Michel Fran\u00e7ois Joseph dit Franz Mertens (1771-1840), batelier de son \u00e9tat, \u00e9pouse Marie-Catherine <strong>Van Damme<\/strong> (1771-1827) issue d&rsquo;une famille de brasseurs. La m\u00e8re de celle-ci est une van Reeth par laquelle nous remontons la filiation tr\u00e8s loin jusqu&rsquo;\u00e0 Charlemagne (voir la <a href=\"https:\/\/mertensdewilmars.be\/index.php\/2014\/01\/23\/nous-descendons-tous-de-charlemagne\/\" data-type=\"post\" data-id=\"56\">chronique<\/a>) <\/p>\n\n\n<div class=\"wp-block-image\">\n<figure class=\"aligncenter\"><img decoding=\"async\" src=\"http:\/\/mertensdewilmars.be\/wp-content\/uploads\/2019\/02\/VanDamme.gif\" alt=\"\" class=\"wp-image-4187\"\/><\/figure>\n<\/div>","protected":false},"excerpt":{"rendered":"<p>Au XVIII\u00e8me si\u00e8cle, Michel Fran\u00e7ois Joseph dit Franz Mertens (1771-1840), batelier de son \u00e9tat, \u00e9pouse Marie-Catherine Van Damme (1771-1827) issue d&rsquo;une famille de brasseurs. La m\u00e8re de celle-ci est une van Reeth par laquelle nous remontons la filiation tr\u00e8s loin jusqu&rsquo;\u00e0 Charlemagne (voir la chronique)<\/p>\n","protected":false},"author":2,"featured_media":0,"parent":0,"menu_order":0,"comment_status":"closed","ping_status":"closed","template":"","meta":{"footnotes":""},"class_list":["post-4186","page","type-page","status-publish"],"_links":{"self":[{"href":"https:\/\/mertensdewilmars.be\/index.php\/wp-json\/wp\/v2\/pages\/4186","targetHints":{"allow":["GET"]}}],"collection":[{"href":"https:\/\/mertensdewilmars.be\/index.php\/wp-json\/wp\/v2\/pages"}],"about":[{"href":"https:\/\/mertensdewilmars.be\/index.php\/wp-json\/wp\/v2\/types\/page"}],"author":[{"embeddable":true,"href":"https:\/\/mertensdewilmars.be\/index.php\/wp-json\/wp\/v2\/users\/2"}],"replies":[{"embeddable":true,"href":"https:\/\/mertensdewilmars.be\/index.php\/wp-json\/wp\/v2\/comments?post=4186"}],"version-history":[{"count":1,"href":"https:\/\/mertensdewilmars.be\/index.php\/wp-json\/wp\/v2\/pages\/4186\/revisions"}],"predecessor-version":[{"id":4716,"href":"https:\/\/mertensdewilmars.be\/index.php\/wp-json\/wp\/v2\/pages\/4186\/revisions\/4716"}],"wp:attachment":[{"href":"https:\/\/mertensdewilmars.be\/index.php\/wp-json\/wp\/v2\/media?parent=4186"}],"curies":[{"name":"wp","href":"https:\/\/api.w.org\/{rel}","templated":true}]}}