{"id":4170,"date":"2019-02-12T15:27:12","date_gmt":"2019-02-12T13:27:12","guid":{"rendered":"http:\/\/mertensdewilmars.be\/chronique\/?page_id=4170"},"modified":"2024-02-17T04:20:44","modified_gmt":"2024-02-17T03:20:44","slug":"armoiries-mertens-de-wilmars","status":"publish","type":"page","link":"https:\/\/mertensdewilmars.be\/index.php\/armoiries-mertens-de-wilmars\/","title":{"rendered":"Armoiries Mertens de Wilmars"},"content":{"rendered":"\n<h2 class=\"wp-block-heading\">Mertens et Mertens de Wilmars<\/h2>\n\n\n\n<p>Un premier embl\u00e8me h\u00e9raldique li\u00e9 aux <strong>Mertens <\/strong>est d\u00e9couvert sur une pierre tombale du XVIII\u00e8me si\u00e8cle dans l&rsquo;\u00e9glise de Boom: <em>couleur inconnue \u00e0 une nef \u00e0 la voile en forme de trap\u00e8ze gonfl\u00e9e par le vent<\/em>. Le chanoine E. Steenackers a relev\u00e9 ces armes dans ses \u00ab\u00a0<em>Notes historiques et g\u00e9n\u00e9alogiques<\/em>\u00a0\u00bb avant la d\u00e9molition de l&rsquo;\u00e9glise en 1848. Ces armoiries ont tout \u00e0 fait du sens avec les m\u00e9tiers de bateliers des premiers Mertens.<\/p>\n\n\n\n<p>Les armoiries <strong>Mertens de Wilmars<\/strong> datent de la seconde moiti\u00e9 du XX<sup>\u00e8me<\/sup> si\u00e8cle.<\/p>\n\n\n<div class=\"wp-block-image\">\n<figure class=\"aligncenter is-resized\"><img decoding=\"async\" src=\"http:\/\/mertensdewilmars.be\/wp-content\/uploads\/2018\/11\/BlasonGD.gif\" alt=\"\" class=\"wp-image-124\" style=\"width:384px;height:auto\"\/><figcaption class=\"wp-element-caption\">  De gueules \u00e0 la bande \u00e9chiquet\u00e9e d&rsquo;argent et de sable de deux tires accost\u00e9e de deux roses du second, barb\u00e9es de sinople.\u00a0<em>(source : EPNB, 1994, p. 133.<\/em>) <\/figcaption><\/figure>\n<\/div>\n\n\n<p><strong>Armoiries conc\u00e9d\u00e9es \u00e0 Eug\u00e8ne Mertens le 20 janvier 1955<\/strong>:<\/p>\n\n\n<div class=\"wp-block-image\">\n<figure class=\"aligncenter is-resized\"><img decoding=\"async\" src=\"http:\/\/mertensdewilmars.be\/wp-content\/uploads\/2019\/02\/ArmesMertensdeWilmarsGD-992x1024.jpg\" alt=\"\" class=\"wp-image-4172\" style=\"width:493px;height:auto\"\/><\/figure>\n<\/div>\n\n\n<p>Armes: De gueule \u00e0 la bande \u00e9chiquet\u00e9e d&rsquo;argent et de sable, accost\u00e9es de deux roses d&rsquo;argent, barb\u00e9es de sinople. Heaume d&rsquo;argent. B et Lambrequins de gueule et d&rsquo;argent. Cimier: Lion issant d&rsquo;argent tenant de la dextre une \u00e9p\u00e9e d&rsquo;or. Devise: DEO REGI PATRIAE, de gueule sur un listel d&rsquo;argent.<br>(&nbsp;<em>source<\/em>&nbsp;:&nbsp;<em>\u00c9tat pr\u00e9sent de la noblesse du royaume de Belgiqu<\/em>e, 1965, p.380)<\/p>\n\n\n\n<p><strong>Deux premiers rameaux annoblis le 16 mars 1967:<\/strong><\/p>\n\n\n\n<p>Armes: De gueule \u00e0 la bande \u00e9chiquet\u00e9e d&rsquo;argent et de sable de deux tires, accost\u00e9es de deux roses d&rsquo;argent, barb\u00e9es de sinople. L&rsquo;\u00e9cu somm\u00e9 d&rsquo;une couronne de baron, surmont\u00e9 d&rsquo;un heaume d&rsquo;argent, couronn\u00e9, grill\u00e9, collet\u00e9 et liser\u00e9 d&rsquo;or, doubl\u00e9 et attach\u00e9 de gueules, aux lambrequins de gueules et d&rsquo;argent. Cimier: un lion issant d&rsquo;argent, tenant de la dextre une branche de mertensia au naturel, fleurie de gueules. Devise: DEO REGI PATRIAE, de gueule sur un listel d&rsquo;argent. Supports: deux licornes regardantes d&rsquo;argent, accorn\u00e9es de sable et d&rsquo;argent.<\/p>\n\n\n\n<p><br><\/p>\n\n\n<div class=\"wp-block-image\">\n<figure class=\"aligncenter\"><img decoding=\"async\" src=\"http:\/\/mertensdewilmars.be\/wp-content\/uploads\/2019\/02\/blasonmertens.jpg\" alt=\"\" class=\"wp-image-4171\"\/><figcaption class=\"wp-element-caption\">Armoiries de Josse Mertens de Wilmars avec la couronne de baron et la fleur de\u00a0Mertensia\u00a0ainsi que des licornes en tenants (\u00e0 rapprocher de la licorne de Kruybeke sans doute).<\/figcaption><\/figure>\n<\/div>\n\n\n<p><\/p>\n","protected":false},"excerpt":{"rendered":"<p>Mertens et Mertens de Wilmars Un premier embl\u00e8me h\u00e9raldique li\u00e9 aux Mertens est d\u00e9couvert sur une pierre tombale du XVIII\u00e8me si\u00e8cle dans l&rsquo;\u00e9glise de Boom: couleur inconnue \u00e0 une nef \u00e0 la voile en forme de trap\u00e8ze gonfl\u00e9e par le vent. Le chanoine E. Steenackers a relev\u00e9 ces armes dans ses \u00ab\u00a0Notes historiques et g\u00e9n\u00e9alogiques\u00a0\u00bb &#8230; <a title=\"Armoiries Mertens de Wilmars\" class=\"read-more\" href=\"https:\/\/mertensdewilmars.be\/index.php\/armoiries-mertens-de-wilmars\/\" aria-label=\"En savoir plus sur Armoiries Mertens de Wilmars\">Lire la suite<\/a><\/p>\n","protected":false},"author":2,"featured_media":0,"parent":0,"menu_order":0,"comment_status":"closed","ping_status":"closed","template":"","meta":{"footnotes":""},"class_list":["post-4170","page","type-page","status-publish"],"_links":{"self":[{"href":"https:\/\/mertensdewilmars.be\/index.php\/wp-json\/wp\/v2\/pages\/4170","targetHints":{"allow":["GET"]}}],"collection":[{"href":"https:\/\/mertensdewilmars.be\/index.php\/wp-json\/wp\/v2\/pages"}],"about":[{"href":"https:\/\/mertensdewilmars.be\/index.php\/wp-json\/wp\/v2\/types\/page"}],"author":[{"embeddable":true,"href":"https:\/\/mertensdewilmars.be\/index.php\/wp-json\/wp\/v2\/users\/2"}],"replies":[{"embeddable":true,"href":"https:\/\/mertensdewilmars.be\/index.php\/wp-json\/wp\/v2\/comments?post=4170"}],"version-history":[{"count":3,"href":"https:\/\/mertensdewilmars.be\/index.php\/wp-json\/wp\/v2\/pages\/4170\/revisions"}],"predecessor-version":[{"id":4713,"href":"https:\/\/mertensdewilmars.be\/index.php\/wp-json\/wp\/v2\/pages\/4170\/revisions\/4713"}],"wp:attachment":[{"href":"https:\/\/mertensdewilmars.be\/index.php\/wp-json\/wp\/v2\/media?parent=4170"}],"curies":[{"name":"wp","href":"https:\/\/api.w.org\/{rel}","templated":true}]}}